t is j(-29)?
-1
Let p(a) = -a**3 + 8*a**2 + 66*a - 445. What is p(10)?
15
Let t(r) = -1357*r - 12189. Give t(-9).
24
Let r(l) = -4*l - 404. What is r(-68)?
-132
Let l(z) = 48*z + 14. Calculate l(-1).
-34
Let r(y) = -y**3 - 18*y**2 - 71*y - 25. Calculate r(-5).
5
Let c(l) = 3*l - 44. What is c(9)?
-17
Let k(y) = y**2 - 17*y - 114. Calculate k(-6).
24
Let q(m) = m**2 - 10*m - 277. Give q(23).
22
Let l(x) = x**3 - 25*x**2 + 76*x - 21. Give l(22).
199
Let u(g) = -18*g**2 - 359*g + 1746. Calculate u(-24).
-6
Let t(x) = -x**3 + 17*x**2 + 24*x - 765. Give t(8).
3
Let f(q) = -3*q**3 + 24*q**2 - 57*q + 16. Give f(4).
-20
Let o(m) = -33*m + 794. Give o(22).
68
Let s(l) = -28*l + 183. Calculate s(5).
43
Let h(g) = -3*g**3 + 12*g**2 - 54*g - 2. Calculate h(3).
-137
Let t(m) = -4971*m + 99411. Determine t(20).
-9
Let f(w) = 2*w**3 + 2*w**2 - 13*w + 30. Calculate f(-6).
-252
Let h(a) = 4*a**2 + 599*a - 1365. What is h(-152)?
3
Let c(f) = 3*f**3 - 7*f**2 - 296*f + 600. Calculate c(2).
4
Let d(l) = -l**2 - 3*l + 1. Give d(5).
-39
Let c(n) = 292*n + 2792. Calculate c(-10).
-128
Let x(j) = 3*j - 23. What is x(24)?
49
Let y(f) = -3*f**2 - 90*f - 483. Give y(-6).
-51
Let b(l) = 3012*l. Calculate b(0).
0
Let t(f) = -3*f**2 - 48*f + 878. Calculate t(11).
-13
Let j(b) = -62*b - 90. Give j(-4).
158
Let j(c) = c**3 - 59*c**2 - 120*c - 126. Give j(61).
-4
Let p(n) = n**2 + 61*n + 654. Determine p(-20).
-166
Let v(u) = -u**3 - 7*u**2 + 4*u + 28. Determine v(-7).
0
Let p(t) = -t**2 - 2000*t + 79518. Determine p(39).
-3
Let c(u) = -u**3 - 73*u**2 + 1104*u - 1202. What is c(-86)?
2
Let t(r) = -3*r**3 - 41*r**2 - 19*r - 9. Give t(-13).
-100
Let m(q) = 18*q - 254. Determine m(15).
16
Let q(d) = -2*d**2 + 151*d - 1862. Calculate q(15).
-47
Let o(t) = t**3 - 33*t**2 + 241*t - 20. Give o(22).
-42
Let q(z) = -216*z**3 + 4*z**2 - 11*z + 8. Determine q(1).
-215
Let u(x) = x**3 - 18*x**2 - 83*x - 49. What is u(22)?
61
Let h(t) = -206*t + 1035. Determine h(4).
211
Let i(u) = 71*u - 104. Give i(1).
-33
Let m(j) = 3*j**2 + 126*j + 136. Calculate m(-42).
136
Let t(x) = x**3 - 13*x**2 + 67*x - 328. Calculate t(8).
-112
Let r(s) = -1622*s + 4873. Determine r(3).
7
Let p(o) = -o**3 + 79*o**2 + 168*o - 515. What is p(81)?
-29
Let r(p) = 2084*p - 8. Calculate r(0).
-8
Let n(i) = -i**2 - 18*i + 66. Determine n(-22).
-22
Let k(i) = -10*i**2 - 162*i - 18. Determine k(-15).
162
Let k(l) = l**3 + 8*l**2 - 82*l + 89. Give k(5).
4
Let j(f) = -5*f**3 + 2*f**2 + 34*f + 83. Calculate j(-3).
134
Let h(y) = -y**3 + 18*y**2 + 120*y - 2326. Calculate h(17).
3
Let q(w) = -525*w + 47781. Determine q(91).
6
Let o(c) = 7*c**2 - 94*c - 191. Calculate o(-2).
25
Let r(g) = -g**3 - 10*g**2 - 13*g - 38. Give r(-9).
-2
Let r(t) = 10018*t - 40069. Calculate r(4).
3
Let x(v) = -2*v**3 + 20*v**2 + 18*v + 42. Give x(11).
-2
Let p(u) = -8*u - 357. What is p(-51)?
51
Let o(k) = -k**3 + 10*k**2 - 71. Calculate o(8).
57
Let w(f) = 27*f + 140. What is w(-5)?
5
Let h(a) = 70*a + 4340. Determine h(-62).
0
Let y(x) = -x**2 - 8*x + 33. Calculate y(8).
-95
Let f(b) = 47*b - 284. Determine f(6).
-2
Let u(n) = -4*n**2 + 357*n - 1069. What is u(86)?
49
Let q(r) = -r**2 + 2333*r - 13977. Calculate q(6).
-15
Let w(s) = 81*s + 1209. What is w(-15)?
-6
Let z(l) = l**3 + 3*l**2 - 2*l + 37. Calculate z(0).
37
Let a(i) = i**3 + 9*i**2 - 84*i. Calculate a(6).
36
Let n(z) = 3*z + 708. Determine n(30).
798
Let l(g) = g**3 + 70*g**2 + 135*g - 77. Calculate l(-68).
-9
Let z(m) = -1192*m + 8314. What is z(7)?
-30
Let g(l) = l**3 - 10*l**2 - 18*l + 19. Determine g(12).
91
Let x(q) = 165*q - 209. Give x(-4).
-869
Let j(x) = 730*x + 37234. Give j(-51).
4
Let a(u) = 3*u - 19. Determine a(-45).
-154
Let o(l) = -l**2 - 10*l - 5. What is o(-13)?
-44
Let a(j) = 165*j + 425. Give a(-2).
95
Let t(i) = 37*i + 1036. What is t(-28)?
0
Let k(g) = g**3 + 18*g**2 + 8*g + 112. Give k(-18).
-32
Let i(c) = -c**2 - 16*c - 88. Calculate i(-10).
-28
Let w(v) = 11*v - 184. Give w(0).
-184
Let t(x) = -42*x + 324. What is t(7)?
30
Let v(t) = 3*t**3 + 20*t**2 + 3*t - 5. Calculate v(-6).
49
Let y(r) = r**3 + 24*r**2 + 8*r + 77. Determine y(-24).
-115
Let h(j) = 4*j - 3. Give h(10).
37
Let o(z) = 4*z**2 + 66*z - 11. Calculate o(-5).
-241
Let x(r) = 12*r**2 - 304*r - 319. Determine x(-1).
-3
Let z(p) = -3*p**3 - 2*p**2 + 21. Give z(4).
-203
Let h(c) = c**3 - 3*c**2 - 93*c + 455. Give h(7).
0
Let u(h) = -12*h - 34. Calculate u(20).
-274
Let l(q) = -13*q - 26. Determine l(-3).
13
Let q(u) = 382*u - 1907. Give q(5).
3
Let y(l) = -55*l - 8624. Determine y(-157).
11
Let h(b) = 386*b + 8142. Calculate h(-21).
36
Let w(g) = 106*g - 646. What is w(6)?
-10
Let r(f) = -446*f**2 + 890*f - 2. Determine r(2).
-6
Let o(l) = -l**3 - 34*l**2 + 34*l - 52. Give o(-35).
-17
Let p(t) = -1531*t - 1551. What is p(-1)?
-20
Let v(l) = l**3 + 11*l**2 + 3*l - 75. What is v(-10)?
-5
Let d(g) = 3*g**2 + g - 9. Determine d(3).
21
Let z(m) = 120*m - 3011. What is z(24)?
-131
Let k(d) = -8*d**3 - 536*d**2 - 13. Give k(-67).
-13
Let o(t) = -6*t + 44. Give o(31).
-142
Let l(w) = -w**2 + 15*w + 8. Determine l(6).
62
Let b(g) = g**3 + 14*g**2 - 20*g + 269. Give b(-16).
77
Let y(n) = n**3 - 11*n**2 + 40*n - 200. Calculate y(9).
-2
Let q(b) = b**3 - 15*b**2 - 16*b - 87. Calculate q(16).
-87
Let r(h) = 5*h**2 - 10*h + 16. Determine r(5).
91
Let a(q) = -q**3 + 15*q**2 - 56*q + 6. Determine a(6).
-6
Let x(z) = -z**2 - 16*z + 55. What is x(5)?
-50
Let k(t) = -2*t**3 + 11*t**2 - 15*t + 8. Determine k(4).
-4
Let y(s) = 10*s - 151. Give y(17).
19
Let j(q) = -49*q + 2069. Give j(42).
11
Let b(r) = r**3 + 32*r**2 - 100*r - 1123. What is b(-34)?
-35
Let a(x) = 3*x**3 - 28*x**2 + 2*x + 48. Calculate a(9).
-15
Let o(p) = -16*p**2 + 25*p - 118. What is o(6)?
-544
Let m(f) = 31*f**3 - 5*f**2 - 6*f + 4. Calculate m(1).
24
Let q(t) = t**3 - 144*t**2 + 428*t - 720. What is q(141)?
-15
Let x(w) = -33*w**3 + 7*w**2 - 6*w - 7. Calculate x(2).
-255
Let j(s) = -s**2 + 20*s + 306. Calculate j(-10).
6
Let t(o) = -2*o**2 - 92*o + 1481. Give t(-59).
-53
Let w(q) = 2*q**3 + q**2 - 3*q - 8. Determine w(4).
124
Let a(i) = -18*i + 178. Calculate a(10).
-2
Let a(o) = 36*o**2 + 103*o - 7. What is a(-3)?
8
Let i(g) = 16*g**2 - 71*g - 23. Calculate i(4).
-51
Let s(l) = -3*l**3 + 17*l**2 - 25*l + 7. What is s(4)?
-13
Let r(o) = -o**3 - 26*o**2 + 7*o + 153. What is r(-26)?
-29
Let h(r) = -2*r**3 + 2*r**2 + 6*r + 20. Give h(-3).
74
Let s(g) = g**2 - g + 41. Calculate s(-12).
197
Let g(y) = -y**3 + 19*y**2 - 68*y - 9. Calculate g(6).
51
Let a(t) = -42*t - 241. What is a(-4)?
-73
Let q(b) = -29*b**3 - b**2 - b. Give q(-1).
29
Let k(a) = 12*a**2 - 351*a + 1020. Determine k(26).
6
Let v(j) = 127*j**3 + j**2 - 92*j - 94. What is v(-1)?
-128
Let k(q) = 33*q + 820. Give k(-23).
61
Let z(y) = -y**3 - 54*y**2 - 369*y - 48. Determine z(-46).
-2
Let c(o) = -7800*o + 15550. Give c(2).
-50
Let v(f) = -f**2 - 57*f - 681. Give v(-18).
21
Let z(i) = -i**2 - 38*i - 136. Calculate z(-34).
0
Let n(k) = 62*k - 4765. Determine n(77).
9
Let z(f) = -32*f - 123. Determine z(-4).
5
Let b(v) = -v**3 - 7*v**2 + 46*v + 93. Give b(-11).
71
Let y(f) = 250*f - 1774. What is y(7)?
-24
Let l(d) = d**3 + 163*d**2 + 4291*d + 51. Give l(-33).
18
Let p(o) = o**3 - 65*o**2 + 3*o - 8. Determine p(65).
187
Let v(o) = 3*o**3 - 3*o**2 - 11*o + 18. What is v(4)?
118
Let p(o) = o**2 - 4*o - 2114. Calculate p(-44).
-2
Let i(f) = -4*f**3 + 2*f**2 + 15*f + 45. Calculate i(-4).
273
Let m(s) = 2*s**3 + 12*s**2 + 42*s + 345. What is m(-7)?
-47
Let t(k) = 55*k - 9292. Determine t(169).
3
Let o(y) = 5*y**3 - 48*y**2 + 68*y - 3. What is o(9)?
366
Let b(l) = l**3 + 10*l**2 - 11*l - 14. What is b(-10)?
96
Let l(c) = 4*c**2 - 41*c + 27. Give l(9).
-18
Let a(i) = 11*i - 410. Give a(-10).
-520
Let d(u) = -u**3 + 12*u**2 + 25*u + 8. What is d(12)?
308
Let n(y) = -4*y**3 - 3*y**2 - 16*y - 47. What is n(-2)?
5
Let t(j) = -j**3 - 257*j**2 - 559*j - 12493. Determine t(-255).
2
Let r(n) = 14*n**2 - 290*n - 98. Determine r(21).
-14
Let c(u) = -1637*u - 4896. Determine c(-3).
15
Let c(m) = -847*m - 5006. Calculate c(-6).
76
Let v(t) = 125*t - 141. What is v(2)?
109
Let c(x) = -4*x**2 - 131*x - 790. Give c(-8).
2
Let d(m) = -232*m - 1806. Give d(-8).
50
Let p(d) = d**3 - 7*d**2 + 15*d - 25. Determine p(6)